{"id":1746,"date":"2022-06-03T15:20:04","date_gmt":"2022-06-03T15:20:04","guid":{"rendered":"https:\/\/aaep.org.ar\/?page_id=1746"},"modified":"2023-04-28T13:20:46","modified_gmt":"2023-04-28T13:20:46","slug":"historia","status":"publish","type":"page","link":"https:\/\/aaep.org.ar\/?page_id=1746","title":{"rendered":"Historia"},"content":{"rendered":"<div data-colibri-id=\"1746-c1\" class=\"style-1107 style-local-1746-c1 position-relative\">\r\n  <!---->\r\n  <div data-colibri-component=\"section\" data-colibri-id=\"1746-c2\" id=\"initial-content\" class=\"h-section h-section-global-spacing d-flex align-items-lg-center align-items-md-center align-items-center style-1108 style-local-1746-c2 position-relative\">\r\n    <!---->\r\n    <!---->\r\n    <div class=\"h-section-grid-container h-section-boxed-container\">\r\n      <!---->\r\n      <div data-colibri-id=\"1746-c3\" class=\"h-row-container gutters-row-lg-2 gutters-row-md-2 gutters-row-0 gutters-row-v-lg-2 gutters-row-v-md-2 gutters-row-v-2 style-1109 style-local-1746-c3 position-relative\">\r\n        <!---->\r\n        <div class=\"h-row justify-content-lg-center justify-content-md-center justify-content-center align-items-lg-stretch align-items-md-stretch align-items-stretch gutters-col-lg-2 gutters-col-md-2 gutters-col-0 gutters-col-v-lg-2 gutters-col-v-md-2 gutters-col-v-2\">\r\n          <!---->\r\n          <div class=\"h-column h-column-container d-flex h-col-lg-auto h-col-md-auto h-col-auto style-1110-outer style-local-1746-c4-outer\">\r\n            <div data-colibri-id=\"1746-c4\" class=\"d-flex h-flex-basis h-column__inner h-px-lg-2 h-px-md-2 h-px-2 v-inner-lg-2 v-inner-md-2 v-inner-2 style-1110 style-local-1746-c4 position-relative\">\r\n              <!---->\r\n              <!---->\r\n              <div class=\"w-100 h-y-container h-column__content h-column__v-align flex-basis-100 align-self-lg-start align-self-md-start align-self-start\">\r\n                <!---->\r\n                <div data-colibri-id=\"1746-c5\" class=\"h-text h-text-component style-1112 style-local-1746-c5 position-relative h-element\">\r\n                  <!---->\r\n                  <!---->\r\n                  <div class=\"\">\r\n                    <p>Nuestra Asociaci\u00f3n fue fundada en el a\u00f1o 1957 por: el <strong>Dr. Juan E. Alemann<\/strong>, el <strong>Dr. Roberto Alemann,<\/strong> el<strong> Dr. Julio Broide<\/strong>, el<strong> Dr. Benjam\u00edn Cornejo<\/strong>, el <strong>Dr. Aldo Ferrer<\/strong>,\r\n                      el <strong>Ing. Francisco Garc\u00eda Olano<\/strong>, el <strong>Dr. Juan J. Guaresti (h)<\/strong>, el <strong>Dr. Carlos C. Helbling<\/strong>, el <strong>Dr. Carlos Moyano Llerena<\/strong>, el <strong>Dr. Julio H. G. Olivera<\/strong>,\r\n                      el <strong>Dr. Federico Pinedo<\/strong>, el <strong>Dr. Oreste Popescu<\/strong>, el <strong>Dr. Ovidio Schiopetto<\/strong> y el <strong>Dr. Francisco Valsecchi<\/strong>.<\/p>\r\n                    <p>El origen de la AAEP se remonta a sendas invitaciones cursadas por los Dres. Adolph J\u00f6hr y Louis Baudin, a mediados de la d\u00e9cada de los cincuenta, a los Dres. Oreste Popescu y Julio H. G. Olivera (*). J\u00f6hr y Baudin, por entonces miembros\r\n                      de la International Economic Association, sugirieron constituir una asociaci\u00f3n representativa de los investigadores en \u201ceconom\u00eda pol\u00edtica\u201d. La convergencia de iniciativas de los Dres. Popescu y Olivera cristaliz\u00f3, el 26 de setiembre\r\n                      de 1957, con la decisi\u00f3n de crear la AAEP. El Dr. Olivera llev\u00f3 adelante la ejecuci\u00f3n de la fundaci\u00f3n, la que tuvo lugar formalmente el 18 de noviembre del mismo a\u00f1o.<\/p>\r\n                    <p>La historia de la Asociaci\u00f3n puede dividirse en tres fases. Durante la primera etapa (1957-1965) la actividad se tradujo en encuentros peri\u00f3dicos para la discusi\u00f3n de temas espec\u00edficos. En 1958 se realiz\u00f3 la primera reuni\u00f3n de an\u00e1lisis\r\n                      econ\u00f3mico. Durante este per\u00edodo la AAEP constituy\u00f3 varios \u201ccentros regionales\u201d.<\/p>\r\n                    <p>La segunda etapa (1966-1972) se caracteriz\u00f3 por la incorporaci\u00f3n a la AAEP de representantes de centros e institutos de investigaci\u00f3n. A partir de entonces, las reuniones de centros de investigaci\u00f3n econ\u00f3mica se realizaron en el marco\r\n                      de la AAEP. Se inici\u00f3 en 1968 la rotaci\u00f3n de la sede y de las autoridades ejecutivas entre los principales centros. En 1972 tuvo lugar la \u00faltima reuni\u00f3n de la AAEP organizada sobre la base de trabajos de los centros e institutos\r\n                      de investigaci\u00f3n.<\/p>\r\n                    <p>Desde 1973 hasta el presente la AAEP se encuentra en su tercera etapa, con su sede permanente en la ciudad de Buenos Aires. Pese a ello, el esp\u00edritu de una amplia representaci\u00f3n institucional y regional ha quedado impreso en la pr\u00e1ctica\r\n                      de las Reuniones Anuales.<\/p>\r\n                    <p>Desde su fundaci\u00f3n, la AAEP fue presidida por <strong>Julio H. G. Olivera<\/strong> (1957\/68), <strong>Benjam\u00edn Cornejo<\/strong> (1968\/70), <strong>V\u00edctor J. El\u00edas<\/strong> (1970\/72 y 1978\/80), <strong>Miguel E. Mart\u00ednez<\/strong> (1972\/74),\r\n                      <strong>Horacio N\u00fa\u00f1ez Mi\u00f1ana<\/strong> (1974\/76), <strong>Aldo A. Arnaudo<\/strong> (1976\/78), <strong>Rolf R. Mantel <\/strong>(1980\/82), <strong>Mario L. Szychowski<\/strong> (1982\/84), <strong>Ana M. Martirena Mantel<\/strong> (1984\/86),\r\n                      <strong>Luisa Montuschi<\/strong> (1986\/88), <strong>Alfredo M. Navarro<\/strong> (1988\/90), <strong>Rinaldo Colom\u00e9<\/strong> (1990\/92),<strong> Juan C. De Pablo<\/strong> (1992\/94), <strong>Eusebio C. Del Rey<\/strong> (1994\/96), <strong>Enrique A. Bour<\/strong>                      (1996\/98) y <strong>Jos\u00e9 A. Delfino<\/strong> (1998\/00), <strong>Hildegart Ahumada<\/strong> (2000\/02), <strong>Jos\u00e9 Luis Arrufat<\/strong> (2002\/04), <strong>Omar O. Chisari<\/strong> (2004\/06), <strong>Alberto Porto<\/strong> (2006\/2008),\r\n                      <strong>Daniel Heymann<\/strong> (2008\/2010), <strong>Ernesto Rezk<\/strong> (2010\/2012), <strong>Walter Sosa Escudero<\/strong> (2012\/2014), <strong>Juan Mario Jorrat <\/strong>(2014\/2016), <strong>Fernando Navajas <\/strong>(2016\/2018),\r\n                      <strong>Jorge Streb<\/strong> (2018\/2020), <strong>Andrea Castellano<\/strong> (2020\/2022) y <strong>Ana Mar\u00eda Cerro<\/strong> (2022\/2024).<\/p>\r\n                  <\/div>\r\n                <\/div>\r\n              <\/div>\r\n            <\/div>\r\n          <\/div>\r\n          <div class=\"h-column h-column-container d-flex h-col-lg-auto h-col-md-auto h-col-auto style-1114-outer style-local-1746-c6-outer\">\r\n            <div data-colibri-id=\"1746-c6\" class=\"d-flex h-flex-basis h-column__inner h-px-lg-2 h-px-md-2 h-px-2 v-inner-lg-2 v-inner-md-2 v-inner-2 style-1114 style-local-1746-c6 position-relative\">\r\n              <!---->\r\n              <!---->\r\n              <div class=\"w-100 h-y-container h-column__content h-column__v-align flex-basis-100 align-self-lg-start align-self-md-start align-self-start\">\r\n                <!---->\r\n                <div data-colibri-id=\"1746-c7\" class=\"d-block style-1113 style-local-1746-c7 position-relative h-element\">\r\n                  <!---->\r\n                  <div class=\"h-image__frame-container-outer\">\r\n                    <div class=\"h-image__frame-container\">\r\n                      <!---->\r\n                      <!---->\r\n                      <img loading=\"lazy\" decoding=\"async\" width=\"1449\" height=\"1449\" src=\"https:\/\/aaep.org.ar\/wp-content\/uploads\/2022\/04\/cropped-a1190d-scaled-3.jpg\" class=\"wp-image-1755 style-1113-image style-local-1746-c7-image\" alt=\"\" srcset=\"https:\/\/aaep.org.ar\/wp-content\/uploads\/2022\/04\/cropped-a1190d-scaled-3.jpg 1449w, https:\/\/aaep.org.ar\/wp-content\/uploads\/2022\/04\/cropped-a1190d-scaled-3-300x300.jpg 300w, https:\/\/aaep.org.ar\/wp-content\/uploads\/2022\/04\/cropped-a1190d-scaled-3-1024x1024.jpg 1024w, https:\/\/aaep.org.ar\/wp-content\/uploads\/2022\/04\/cropped-a1190d-scaled-3-150x150.jpg 150w, https:\/\/aaep.org.ar\/wp-content\/uploads\/2022\/04\/cropped-a1190d-scaled-3-768x768.jpg 768w\" sizes=\"auto, (max-width: 1449px) 100vw, 1449px\" \/>\r\n                      <div class=\"h-image__frame h-hide-lg h-hide-md h-hide-sm style-1113-frameImage style-local-1746-c7-frameImage\"><\/div>\r\n                    <\/div>\r\n                    <div class=\"style-1113-caption style-local-1746-c7-caption\">\r\n                      LVI Reuni\u00f3n Anual de la AAEP &#8211; Universidad de Buenos Aires (Buenos Aires)\r\n                    <\/div>\r\n                  <\/div>\r\n                <\/div>\r\n                <div data-colibri-id=\"1746-c9\" class=\"d-block style-3479 style-local-1746-c9 position-relative h-element\">\r\n                  <!---->\r\n                  <div class=\"h-image__frame-container-outer\">\r\n                    <div class=\"h-image__frame-container\">\r\n                      <!---->\r\n                      <!---->\r\n                      <img loading=\"lazy\" decoding=\"async\" width=\"1706\" height=\"1706\" src=\"https:\/\/aaep.org.ar\/wp-content\/uploads\/2022\/06\/cropped-honoris-economia2019_45-1-scaled-1.jpg\" class=\"wp-image-4283 style-3479-image style-local-1746-c9-image\" alt=\"\" srcset=\"https:\/\/aaep.org.ar\/wp-content\/uploads\/2022\/06\/cropped-honoris-economia2019_45-1-scaled-1.jpg 1706w, https:\/\/aaep.org.ar\/wp-content\/uploads\/2022\/06\/cropped-honoris-economia2019_45-1-scaled-1-300x300.jpg 300w, https:\/\/aaep.org.ar\/wp-content\/uploads\/2022\/06\/cropped-honoris-economia2019_45-1-scaled-1-1024x1024.jpg 1024w, https:\/\/aaep.org.ar\/wp-content\/uploads\/2022\/06\/cropped-honoris-economia2019_45-1-scaled-1-150x150.jpg 150w, https:\/\/aaep.org.ar\/wp-content\/uploads\/2022\/06\/cropped-honoris-economia2019_45-1-scaled-1-768x768.jpg 768w, https:\/\/aaep.org.ar\/wp-content\/uploads\/2022\/06\/cropped-honoris-economia2019_45-1-scaled-1-1536x1536.jpg 1536w\" sizes=\"auto, (max-width: 1706px) 100vw, 1706px\" \/>\r\n                      <div class=\"h-image__frame h-hide-lg h-hide-md h-hide-sm style-3479-frameImage style-local-1746-c9-frameImage\"><\/div>\r\n                    <\/div>\r\n                    <div class=\"style-3479-caption style-local-1746-c9-caption\">\r\n                      XLXI Reuni\u00f3n Anual de la AAEP &#8211; Universidad Nacional del Sur (Bah\u00eda Blanca)\r\n                    <\/div>\r\n                  <\/div>\r\n                <\/div>\r\n                <div data-colibri-id=\"1746-c8\" class=\"h-text h-text-component style-1115 style-local-1746-c8 position-relative h-element\">\r\n                  <!---->\r\n                  <!---->\r\n                  <div class=\"\">\r\n                    <p>(*) Para esta secci\u00f3n, v\u00e9ase J. H. G. Olivera, La Asociaci\u00f3n Argentina de Econom\u00eda Pol\u00edtica: los A\u00f1os Iniciales, Anales de la A.A.E.P. , XXIIa. Reuni\u00f3n Anual, Universidad Nacional de C\u00f3rdoba, 1987, vol. 1. Se agradecen al Dr. Olivera\r\n                      los comentarios formulados sobre los or\u00edgenes de la AAEP.<\/p>\r\n                  <\/div>\r\n                <\/div>\r\n              <\/div>\r\n            <\/div>\r\n          <\/div>\r\n        <\/div>\r\n      <\/div>\r\n    <\/div>\r\n  <\/div>\r\n<\/div>","protected":false},"excerpt":{"rendered":"<p>Nuestra Asociaci\u00f3n fue fundada en el a\u00f1o 1957 por: el Dr. Juan E. Alemann, el Dr. Roberto Alemann, el Dr. Julio Broide, el Dr. Benjam\u00edn Cornejo, el Dr. Aldo Ferrer, el Ing. Francisco Garc\u00eda Olano, el Dr. Juan J. Guaresti (h), el Dr. Carlos C. Helbling, el Dr. Carlos Moyano Llerena, el Dr. Julio H. [&hellip;]<\/p>\n","protected":false},"author":1,"featured_media":0,"parent":0,"menu_order":0,"comment_status":"closed","ping_status":"closed","template":"page-templates\/full-width-page.php","meta":{"_acf_changed":false,"_coblocks_attr":"","_coblocks_dimensions":"","_coblocks_responsive_height":"","_coblocks_accordion_ie_support":"","footnotes":""},"class_list":["post-1746","page","type-page","status-publish","hentry"],"acf":[],"yoast_head":"<!-- This site is optimized with the Yoast SEO plugin v27.5 - https:\/\/yoast.com\/product\/yoast-seo-wordpress\/ -->\n<title>Historia AAEP<\/title>\n<meta name=\"description\" content=\"Asociaci\u00f3n Argentina de Econom\u00eda Pol\u00edtica - Historia\" \/>\n<meta name=\"robots\" content=\"index, follow, max-snippet:-1, max-image-preview:large, max-video-preview:-1\" \/>\n<link rel=\"canonical\" href=\"https:\/\/aaep.org.ar\/?page_id=1746\" \/>\n<meta property=\"og:locale\" content=\"es_ES\" \/>\n<meta property=\"og:type\" content=\"article\" \/>\n<meta property=\"og:title\" content=\"Historia AAEP\" \/>\n<meta property=\"og:description\" content=\"Asociaci\u00f3n Argentina de Econom\u00eda Pol\u00edtica - Historia\" \/>\n<meta property=\"og:url\" content=\"https:\/\/aaep.org.ar\/?page_id=1746\" \/>\n<meta property=\"og:site_name\" content=\"Asociaci\u00f3n Argentina de Econom\u00eda Pol\u00edtica\" \/>\n<meta property=\"article:modified_time\" content=\"2023-04-28T13:20:46+00:00\" \/>\n<meta property=\"og:image\" content=\"https:\/\/aaep.org.ar\/wp-content\/uploads\/2022\/04\/cropped-a1190d-scaled-3.jpg\" \/>\n<meta name=\"twitter:card\" content=\"summary_large_image\" \/>\n<meta name=\"twitter:site\" content=\"@aaepoficial\" \/>\n<meta name=\"twitter:label1\" content=\"Tiempo de lectura\" \/>\n\t<meta name=\"twitter:data1\" content=\"3 minutos\" \/>\n<script type=\"application\/ld+json\" class=\"yoast-schema-graph\">{\"@context\":\"https:\\\/\\\/schema.org\",\"@graph\":[{\"@type\":\"WebPage\",\"@id\":\"https:\\\/\\\/aaep.org.ar\\\/?page_id=1746\",\"url\":\"https:\\\/\\\/aaep.org.ar\\\/?page_id=1746\",\"name\":\"Historia AAEP\",\"isPartOf\":{\"@id\":\"https:\\\/\\\/aaep.org.ar\\\/#website\"},\"primaryImageOfPage\":{\"@id\":\"https:\\\/\\\/aaep.org.ar\\\/?page_id=1746#primaryimage\"},\"image\":{\"@id\":\"https:\\\/\\\/aaep.org.ar\\\/?page_id=1746#primaryimage\"},\"thumbnailUrl\":\"https:\\\/\\\/aaep.org.ar\\\/wp-content\\\/uploads\\\/2022\\\/04\\\/cropped-a1190d-scaled-3.jpg\",\"datePublished\":\"2022-06-03T15:20:04+00:00\",\"dateModified\":\"2023-04-28T13:20:46+00:00\",\"description\":\"Asociaci\u00f3n Argentina de Econom\u00eda Pol\u00edtica - Historia\",\"breadcrumb\":{\"@id\":\"https:\\\/\\\/aaep.org.ar\\\/?page_id=1746#breadcrumb\"},\"inLanguage\":\"es\",\"potentialAction\":[{\"@type\":\"ReadAction\",\"target\":[\"https:\\\/\\\/aaep.org.ar\\\/?page_id=1746\"]}]},{\"@type\":\"ImageObject\",\"inLanguage\":\"es\",\"@id\":\"https:\\\/\\\/aaep.org.ar\\\/?page_id=1746#primaryimage\",\"url\":\"https:\\\/\\\/aaep.org.ar\\\/wp-content\\\/uploads\\\/2022\\\/04\\\/cropped-a1190d-scaled-3.jpg\",\"contentUrl\":\"https:\\\/\\\/aaep.org.ar\\\/wp-content\\\/uploads\\\/2022\\\/04\\\/cropped-a1190d-scaled-3.jpg\",\"width\":1449,\"height\":1449,\"caption\":\"LVI Reuni\u00f3n Anual de la AAEP - Universidad de Buenos Aires (Buenos Aires)\"},{\"@type\":\"BreadcrumbList\",\"@id\":\"https:\\\/\\\/aaep.org.ar\\\/?page_id=1746#breadcrumb\",\"itemListElement\":[{\"@type\":\"ListItem\",\"position\":1,\"name\":\"Portada\",\"item\":\"https:\\\/\\\/aaep.org.ar\\\/\"},{\"@type\":\"ListItem\",\"position\":2,\"name\":\"Historia\"}]},{\"@type\":\"WebSite\",\"@id\":\"https:\\\/\\\/aaep.org.ar\\\/#website\",\"url\":\"https:\\\/\\\/aaep.org.ar\\\/\",\"name\":\"Asociaci\u00f3n Argentina de Econom\u00eda Pol\u00edtica\",\"description\":\"Asociaci\u00f3n Argentina de Econom\u00eda Pol\u00edtica\",\"publisher\":{\"@id\":\"https:\\\/\\\/aaep.org.ar\\\/#organization\"},\"potentialAction\":[{\"@type\":\"SearchAction\",\"target\":{\"@type\":\"EntryPoint\",\"urlTemplate\":\"https:\\\/\\\/aaep.org.ar\\\/?s={search_term_string}\"},\"query-input\":{\"@type\":\"PropertyValueSpecification\",\"valueRequired\":true,\"valueName\":\"search_term_string\"}}],\"inLanguage\":\"es\"},{\"@type\":\"Organization\",\"@id\":\"https:\\\/\\\/aaep.org.ar\\\/#organization\",\"name\":\"Asociaci\u00f3n Argentina de Econom\u00eda Pol\u00edtica\",\"url\":\"https:\\\/\\\/aaep.org.ar\\\/\",\"logo\":{\"@type\":\"ImageObject\",\"inLanguage\":\"es\",\"@id\":\"https:\\\/\\\/aaep.org.ar\\\/#\\\/schema\\\/logo\\\/image\\\/\",\"url\":\"https:\\\/\\\/aaep.org.ar\\\/wp-content\\\/uploads\\\/2022\\\/05\\\/cropped-aaep_logo.png\",\"contentUrl\":\"https:\\\/\\\/aaep.org.ar\\\/wp-content\\\/uploads\\\/2022\\\/05\\\/cropped-aaep_logo.png\",\"width\":74,\"height\":49,\"caption\":\"Asociaci\u00f3n Argentina de Econom\u00eda Pol\u00edtica\"},\"image\":{\"@id\":\"https:\\\/\\\/aaep.org.ar\\\/#\\\/schema\\\/logo\\\/image\\\/\"},\"sameAs\":[\"https:\\\/\\\/x.com\\\/aaepoficial\",\"https:\\\/\\\/www.instagram.com\\\/aaepoficial\\\/\"]}]}<\/script>\n<!-- \/ Yoast SEO plugin. -->","yoast_head_json":{"title":"Historia AAEP","description":"Asociaci\u00f3n Argentina de Econom\u00eda Pol\u00edtica - Historia","robots":{"index":"index","follow":"follow","max-snippet":"max-snippet:-1","max-image-preview":"max-image-preview:large","max-video-preview":"max-video-preview:-1"},"canonical":"https:\/\/aaep.org.ar\/?page_id=1746","og_locale":"es_ES","og_type":"article","og_title":"Historia AAEP","og_description":"Asociaci\u00f3n Argentina de Econom\u00eda Pol\u00edtica - Historia","og_url":"https:\/\/aaep.org.ar\/?page_id=1746","og_site_name":"Asociaci\u00f3n Argentina de Econom\u00eda Pol\u00edtica","article_modified_time":"2023-04-28T13:20:46+00:00","og_image":[{"url":"https:\/\/aaep.org.ar\/wp-content\/uploads\/2022\/04\/cropped-a1190d-scaled-3.jpg","type":"","width":"","height":""}],"twitter_card":"summary_large_image","twitter_site":"@aaepoficial","twitter_misc":{"Tiempo de lectura":"3 minutos"},"schema":{"@context":"https:\/\/schema.org","@graph":[{"@type":"WebPage","@id":"https:\/\/aaep.org.ar\/?page_id=1746","url":"https:\/\/aaep.org.ar\/?page_id=1746","name":"Historia AAEP","isPartOf":{"@id":"https:\/\/aaep.org.ar\/#website"},"primaryImageOfPage":{"@id":"https:\/\/aaep.org.ar\/?page_id=1746#primaryimage"},"image":{"@id":"https:\/\/aaep.org.ar\/?page_id=1746#primaryimage"},"thumbnailUrl":"https:\/\/aaep.org.ar\/wp-content\/uploads\/2022\/04\/cropped-a1190d-scaled-3.jpg","datePublished":"2022-06-03T15:20:04+00:00","dateModified":"2023-04-28T13:20:46+00:00","description":"Asociaci\u00f3n Argentina de Econom\u00eda Pol\u00edtica - Historia","breadcrumb":{"@id":"https:\/\/aaep.org.ar\/?page_id=1746#breadcrumb"},"inLanguage":"es","potentialAction":[{"@type":"ReadAction","target":["https:\/\/aaep.org.ar\/?page_id=1746"]}]},{"@type":"ImageObject","inLanguage":"es","@id":"https:\/\/aaep.org.ar\/?page_id=1746#primaryimage","url":"https:\/\/aaep.org.ar\/wp-content\/uploads\/2022\/04\/cropped-a1190d-scaled-3.jpg","contentUrl":"https:\/\/aaep.org.ar\/wp-content\/uploads\/2022\/04\/cropped-a1190d-scaled-3.jpg","width":1449,"height":1449,"caption":"LVI Reuni\u00f3n Anual de la AAEP - Universidad de Buenos Aires (Buenos Aires)"},{"@type":"BreadcrumbList","@id":"https:\/\/aaep.org.ar\/?page_id=1746#breadcrumb","itemListElement":[{"@type":"ListItem","position":1,"name":"Portada","item":"https:\/\/aaep.org.ar\/"},{"@type":"ListItem","position":2,"name":"Historia"}]},{"@type":"WebSite","@id":"https:\/\/aaep.org.ar\/#website","url":"https:\/\/aaep.org.ar\/","name":"Asociaci\u00f3n Argentina de Econom\u00eda Pol\u00edtica","description":"Asociaci\u00f3n Argentina de Econom\u00eda Pol\u00edtica","publisher":{"@id":"https:\/\/aaep.org.ar\/#organization"},"potentialAction":[{"@type":"SearchAction","target":{"@type":"EntryPoint","urlTemplate":"https:\/\/aaep.org.ar\/?s={search_term_string}"},"query-input":{"@type":"PropertyValueSpecification","valueRequired":true,"valueName":"search_term_string"}}],"inLanguage":"es"},{"@type":"Organization","@id":"https:\/\/aaep.org.ar\/#organization","name":"Asociaci\u00f3n Argentina de Econom\u00eda Pol\u00edtica","url":"https:\/\/aaep.org.ar\/","logo":{"@type":"ImageObject","inLanguage":"es","@id":"https:\/\/aaep.org.ar\/#\/schema\/logo\/image\/","url":"https:\/\/aaep.org.ar\/wp-content\/uploads\/2022\/05\/cropped-aaep_logo.png","contentUrl":"https:\/\/aaep.org.ar\/wp-content\/uploads\/2022\/05\/cropped-aaep_logo.png","width":74,"height":49,"caption":"Asociaci\u00f3n Argentina de Econom\u00eda Pol\u00edtica"},"image":{"@id":"https:\/\/aaep.org.ar\/#\/schema\/logo\/image\/"},"sameAs":["https:\/\/x.com\/aaepoficial","https:\/\/www.instagram.com\/aaepoficial\/"]}]}},"_links":{"self":[{"href":"https:\/\/aaep.org.ar\/index.php?rest_route=\/wp\/v2\/pages\/1746","targetHints":{"allow":["GET"]}}],"collection":[{"href":"https:\/\/aaep.org.ar\/index.php?rest_route=\/wp\/v2\/pages"}],"about":[{"href":"https:\/\/aaep.org.ar\/index.php?rest_route=\/wp\/v2\/types\/page"}],"author":[{"embeddable":true,"href":"https:\/\/aaep.org.ar\/index.php?rest_route=\/wp\/v2\/users\/1"}],"replies":[{"embeddable":true,"href":"https:\/\/aaep.org.ar\/index.php?rest_route=%2Fwp%2Fv2%2Fcomments&post=1746"}],"version-history":[{"count":6,"href":"https:\/\/aaep.org.ar\/index.php?rest_route=\/wp\/v2\/pages\/1746\/revisions"}],"predecessor-version":[{"id":4285,"href":"https:\/\/aaep.org.ar\/index.php?rest_route=\/wp\/v2\/pages\/1746\/revisions\/4285"}],"wp:attachment":[{"href":"https:\/\/aaep.org.ar\/index.php?rest_route=%2Fwp%2Fv2%2Fmedia&parent=1746"}],"curies":[{"name":"wp","href":"https:\/\/api.w.org\/{rel}","templated":true}]}}